*x + 2. Is 21 a factor of f(s)?
True
Let y(u) = u**2 - 3*u - 6. Let g be y(7). Suppose 0 = -5*l + 15, s = 2*l + g + 8. Does 9 divide s?
True
Let v = -98 - -37. Let n = -7 + v. Let a = 100 + n. Does 15 divide a?
False
Let o = -15 + 27. Suppose -16*g = -o*g - 192. Is g a multiple of 18?
False
Let i be (0 - 0) + (2 - -4). Let m(d) = d**3 - 5*d**2 - 3*d - 7. Does 7 divide m(i)?
False
Let g be (2 + 0 - 0) + -80. Let o = g - -133. Does 20 divide o?
False
Let l = -10 + 7. Does 12 divide (1/l)/(14/(-546))?
False
Let y = -5 + 10. Suppose 0 = y*u - 86 - 19. Does 8 divide u?
False
Suppose 0 = -2*p + 3*k + 127, k + 2*k = -5*p + 265. Is p a multiple of 8?
True
Let i(c) = c**2 + 7*c + 1. Let t be i(-8). Suppose -1 - t = -w. Is 10 a factor of w?
True
Let s be (-2)/2 - (4 - 8). Let a(t) = -4*t**2 - 3*t + 0 - 1 - 3*t - 2*t**2 - t**s. Is a(-5) a multiple of 4?
True
Suppose -4 = -3*r + 11. Suppose 0 = r*h - 0*h - 25. Suppose 0*o + 165 = h*o. Does 21 divide o?
False
Let u(z) = -z**2 - 9*z - 11. Suppose 0 = 2*h - 5*h - 24. Let j be u(h). Is 1*(-6)/j*1 a multiple of 2?
True
Suppose p - 76 = 5*t - 497, -5*t - 2*p = -418. Let b = t - 36. Does 21 divide b?
False
Suppose 4*y - 4*f + 7 = -7*f, -4*f = 4*y + 8. Is 14 a factor of -3 + 180/(5 + y)?
True
Suppose 46*i - 143 = 45*i. Does 31 divide i?
False
Let z = -7 + 10. Suppose 54 = v + z*j, -2*j = -4*v - 4*j + 176. Is v a multiple of 7?
True
Let k = 14 - -163. Is k a multiple of 17?
False
Suppose u - 9 = -t, 4 - 20 = -4*t. Let f = u - 5. Suppose f = -p + 15 + 1. Is 8 a factor of p?
True
Let x(w) = 12*w**3 + 3*w**2 - 2*w - 4. Is x(2) a multiple of 10?
True
Suppose m = -4*c + 4, -2*m + 4*m + c = 36. Is m a multiple of 20?
True
Let h = -68 - -108. Is 8 a factor of h?
True
Let y(v) = v + 4. Let w be y(7). Let f(d) = d**2 - 12*d + 8. Let l be f(w). Is 17 a factor of (-34)/2*(l - -2)?
True
Let s(a) = a**3 - 3*a**2 - 6*a + 1. Is 4 a factor of s(5)?
False
Let m be ((-8)/(-12))/((-3)/(-9)). Is (-3)/m*(-18 + -2) a multiple of 10?
True
Suppose -v - v = 16. Is 20 a factor of (v/(-10))/((-1)/(-25))?
True
Suppose 4*v - 5*u - 51 = 0, 0*v + 4*u = -2*v + 6. Suppose -3*h + 129 = v. Suppose h = 2*r + 4*d, 2*r - 5*d = 50 + 8. Is r a multiple of 12?
True
Let z = -34 + 74. Is 15 a factor of (z/6)/(3/9)?
False
Let s = -26 - -73. Let j = 71 - s. Does 12 divide j?
True
Suppose -2*g - 5 = -7*g. Let w(a) = -a**3 - a**2 - 1. Let x(v) = -8*v**2 + 5*v + 1. Let n(b) = g*w(b) - x(b). Is 2 a factor of n(6)?
True
Let d = -11 + 36. Is d a multiple of 5?
True
Suppose 2*i + 18 = 4*j, -j = 4*j + 4*i - 29. Suppose -2*p - q = -2, 0*p + j*p = -2*q + 6. Suppose 5*b = -p*r + 32, -3*b + 10 + 22 = -2*r. Does 4 divide b?
True
Is (-1)/(-1 - 231/(-234)) a multiple of 20?
False
Let t(b) = 6*b - 6. Is t(6) a multiple of 6?
True
Let b(c) = -6*c - 2. Let k(d) = -d - 4. Let t be k(-8). Suppose -4*i = q + t, -6*i - 6 = -i + q. Is b(i) a multiple of 4?
False
Let t = 29 + -21. Is t a multiple of 4?
True
Suppose -166 = -7*v + 471. Is v a multiple of 21?
False
Let i(w) = 2 - w + 3 - 2 + 0. Let t be i(2). Does 6 divide (2 - (-9 - 0)) + t?
True
Suppose -6*a = -2*a - 44. Does 3 divide a?
False
Let c(h) = 9*h**2. Is 8 a factor of c(-1)?
False
Let i = 40 - -4. Is i a multiple of 22?
True
Let h(o) = -o**2 + 6*o - 3. Let g(y) = -2*y**2 + 13*y - 7. Let s(d) = 6*g(d) - 13*h(d). Let k(b) = b**2 - 3*b - 3. Let z be k(3). Does 2 divide s(z)?
True
Suppose 3*o - 34 + 13 = 0. Let i(a) = 2*a**2 - 9*a + 1. Let t be i(o). Is 8 a factor of (-4)/(-18) - (-568)/t?
True
Does 33 divide 221/(-2)*(-7)/((-35)/(-10))?
False
Suppose 2*b - 12 = -5*i, b - 8 = -0*b - 2*i. Suppose -5*y = 25, -3*t + 5 = 3*y - b. Is 6 a factor of t?
True
Suppose 0 = -3*w + 3*g + 21, 3*g = -10*w + 5*w + 3. Let o be (-15 + 0 - -1)*-1. Suppose w*h - o = 58. Is 12 a factor of h?
True
Suppose x - 3*x = 24. Let c = x - -17. Is 5 a factor of c?
True
Suppose 0 = -22*x + 25*x - 300. Does 20 divide x?
True
Suppose 8 = p - 5*r - 0*r, 0 = 5*p + 4*r - 11. Is 1/p - 59/(-3) a multiple of 7?
False
Let l = -5 + 8. Suppose 0 = -5*i + 25, 2*x = l*x + 3*i - 19. Suppose 0 = -k + x*p + 28 + 9, 5*k + p = 122. Does 10 divide k?
False
Let t(y) = -y. Let i be t(-3). Suppose 0 = i*v + 2*v - 70. Is 3 a factor of v?
False
Let l = 0 + 1. Let k be 0/((-2 + l)*-2). Suppose -2*s + 6 = k, -3*f + 2*f + s = -4. Does 3 divide f?
False
Let o(s) = -2*s + 46. Is 12 a factor of o(17)?
True
Let r = -236 - -129. Does 32 divide 24/18 + r/(-3)?
False
Suppose 2*x - 53 = 81. Suppose 5*c = -h + x, 2*c - 37 = 2*h + h. Does 7 divide c?
True
Suppose 2*r + 2*r = j + 72, 0 = 3*r - 2*j - 49. Does 5 divide r?
False
Does 11 divide (-2 + 1)/((-3)/51)?
False
Let d be 3/((-12)/(-52)) + 0. Let h = -19 - -13. Let k = h + d. Is k a multiple of 4?
False
Let b = -3 + 14. Does 4 divide b?
False
Let g(n) = n**2 + 6*n - 6. Let p be g(-7). Let j(r) be the second derivative of 3*r**3 - r**2/2 - 3*r. Is j(p) a multiple of 8?
False
Let s(g) = g**3 + 22. Suppose -8 = -6*v + 2*v. Suppose -v*y = y. Does 11 divide s(y)?
True
Let d(l) = 56*l - 31. Does 19 divide d(7)?
True
Suppose 0 = -3*h + 4*j + 8, -2*j + 0 = -3*h + 4. Suppose h = -x + 4*k + 10 + 9, k = 2. Is 20 a factor of x?
False
Suppose -4*s = -5*b + 491, -6*b + 483 = -b - 2*s. Suppose 8 = -5*z - v + 87, -b = -5*z - 5*v. Suppose -2*f = 3*f + 25, -5*x = 5*f + z. Does 2 divide x?
True
Suppose 3*w - 148 = -4*a, -2*a + 228 = 7*w - 2*w. Suppose -w = -4*y + 2*y. Suppose -3*n = -2*n - y. Is 15 a factor of n?
False
Let n(c) = c**2 + 7*c + 6. Let u be n(-6). Suppose u*a + 2 = a. Suppose 4*b - 112 = -4*f, 10 = a*f + 5*b - 40. Does 13 divide f?
False
Let m = 22 + -19. Let l = m - -27. Is 8 a factor of l?
False
Let u(t) = -5*t**2 - 6*t - 13. Let s(c) = 9*c**2 + 12*c + 27. Let o(q) = 4*s(q) + 7*u(q). Is 24 a factor of o(-7)?
True
Suppose 0 = -5*z - n + 144 + 124, -4*z = -n - 218. Is z a multiple of 13?
False
Suppose 2*n = 5*x - 93, 0*x + 3*x + 5*n - 62 = 0. Suppose -2*c + 3*w + x = -0, -c - 4*w - 7 = 0. Does 3 divide c?
False
Suppose -3*n + 2*h + 332 = 0, 4*n - 555 = -n + 3*h. Suppose 120 = 5*z - 2*o, 0 = 3*z - 7*z - 2*o + n. Is z a multiple of 18?
False
Let i(b) be the first derivative of 5*b - 1 + 7/2*b**2. Is i(5) a multiple of 20?
True
Let b(g) = g. Let f(k) = k**2 - k + 2. Let u(c) = b(c) + f(c). Let q be u(4). Is ((1 - -2) + -2)*q a multiple of 18?
True
Let c(a) = a**2 - a + 7. Let t be c(0). Let w be (-22)/(-4)*(3 - t). Does 4 divide w/(-3) + (-6)/(-9)?
True
Let m(f) be the second derivative of -f**3/3 - 2*f**2 + f. Is m(-5) a multiple of 3?
True
Let g(c) be the second derivative of c**3/6 + c**2/2 - 4*c. Let j be g(-5). Let a(x) = -x**3 - 3*x**2 - 2*x. Is 12 a factor of a(j)?
True
Suppose 2 = 2*h - 2. Suppose -3*x + 20 = t, -5*x + h*x + t = -10. Suppose -5*w = 4*n - 170, 0*n - 3*n + 130 = x*w. Is 20 a factor of n?
True
Let w(d) = -d**2 - 20*d. Is 32 a factor of w(-16)?
True
Suppose -5*i + 4*n + 168 = 0, 0 = -5*i - 0*i + 5*n + 165. Is i a multiple of 9?
True
Let y = 387 + -176. Does 22 divide y?
False
Let u = 10 + -2. Suppose -4*k = -u, -2*a = -4*a - k + 82. Is 16 a factor of a?
False
Suppose 2*p - 6 = 5*p. Let u be 308/16 + p/8. Let d = u - 8. Is d a multiple of 8?
False
Let y(k) = -k + 8. Let x(p) = 3*p - 2. Let j be x(-2). Is y(j) a multiple of 8?
True
Let x = 5 + -1. Suppose x*d - d = 30. Is d a multiple of 5?
True
Is 10 a factor of (51/15 - 3)*95?
False
Suppose 0 = 5*d - 110 - 25. Is d a multiple of 9?
True
Suppose 3*s - 3*f - 330 = -8*f, 2*s + 3*f = 219. Let i = s - 73. Does 16 divide i?
True
Suppose 2*t + 5 = -5*x, -2*x + 4*x - 70 = 4*t. Does 9 divide t/(-6)*(-18)/(-5)?
True
Let q be (-3 + 2)*1*-2. Suppose -5*g = 3*i - 61, q*i - 6*i - 82 = -5*g. Is g a multiple of 6?
False
Let g(k) = 2*k**2 + 5*k. Is 6 a factor of g(-4)?
True
Let h = 9 + -8. Let c(n) = 46*n**2 + n. Does 14 divide c(h)?
False
Suppose 0*r = 3*r - 225. Does 15 divide r?
True
Let h be ((-3)/(-1) + -5)*-2. Is 59/4 - (-1)/h a multiple of 13?
False
Suppose m + 620 = 4*m + 5*u, m = -3*u + 204. Does 31 divide m?
False
Let h(l) = l**3 + 8*l**2 + 7*l + 10. Let v(m) = m - 14. Let b be v(7). Is 10 a factor of h(b)?
True
Let a be (28/(-6))/(2/(-3)). Let z = -3 + a. Suppose -5*t - 90 = -i - 4*i, 0 = -z*i + 3*t + 74. Does 7 divide i?
False
Let f(j) = -22*j - 9. Let z be f(-7). Let a = -101 +